late u(-10).
65
Let n(y) = 2*y**2 - 18*y + 33. Determine n(2).
5
Let k(o) = -11*o - 235. Determine k(-10).
-125
Let d(x) = -x**2 - 76*x - 1177. Give d(-54).
11
Let r(y) = 2200*y + 37407. Calculate r(-17).
7
Let n(z) = -z**2 - 16*z - 5. Calculate n(-16).
-5
Let z(d) = -172*d - 29579. What is z(-172)?
5
Let n(a) = -a**3 + 10*a**2 + 78*a + 3. Determine n(-5).
-12
Let n(q) = q**3 + 42*q**2 + 383*q - 135. What is n(-14)?
-9
Let k(m) = -4*m**2 + 241*m + 1510. Determine k(-6).
-80
Let x(p) = -19*p**2 - 61*p + 39. Calculate x(-4).
-21
Let v(r) = -2*r**2 + 103*r - 417. Give v(4).
-37
Let g(c) = 4*c**3 - 3*c**2 - 13. Give g(2).
7
Let d(h) = -2*h - 72. Calculate d(-33).
-6
Let y(b) = b**3 + b**2 + 23*b - 47. Calculate y(2).
11
Let v(w) = 13*w - 374. Determine v(30).
16
Let p(v) = 3*v - 115. Give p(40).
5
Let s(q) = 2*q**3 - 9*q**2 + 2*q + 18. Give s(3).
-3
Let j(n) = 3*n**3 + 139*n**2 + 70*n + 1098. Determine j(-46).
-6
Let c(j) = 8*j**3 - 2*j**2 + 5*j - 2. Calculate c(2).
64
Let k(y) = -20*y**3 + 43*y**2 - y - 4. Give k(2).
6
Let k(b) = b**2 - 1029*b + 38612. Give k(39).
2
Let k(s) = -s**3 + 12*s**2 + 120*s - 177. Give k(18).
39
Let m(q) = -8*q**2 - 5*q - 11. Determine m(2).
-53
Let b(o) = 26*o - 1790. Calculate b(69).
4
Let t(g) = -54*g**2 + 5511*g - 307. Give t(102).
-1
Let y(i) = 5276*i + 142453. What is y(-27)?
1
Let p(o) = o**3 + 6*o**2 + 15*o + 28. Give p(-5).
-22
Let n(c) = 15*c**2 + 53*c + 2. Determine n(-3).
-22
Let v(n) = -n**2 - 2458*n - 12256. Calculate v(-5).
9
Let t(w) = w**3 - 3*w**2 - 126*w + 681. Calculate t(8).
-7
Let d(q) = -1339*q**2 - 14726*q + 24. Give d(-11).
-9
Let x(y) = 6*y**2 - 145*y - 288. Determine x(26).
-2
Let w(m) = m**2 + 3903*m + 7806. What is w(-2)?
4
Let d(i) = -12*i**2 + 213*i + 66. Determine d(18).
12
Let y(g) = -14*g**2 + 24*g + 5. Give y(2).
-3
Let p(w) = -79*w**2 - 1345*w - 41. Calculate p(-17).
-7
Let j(i) = -4155*i + 369803. Calculate j(89).
8
Let o(z) = -140*z + 570. Calculate o(4).
10
Let d(i) = i**2 + 29*i + 32. Determine d(-22).
-122
Let c(v) = -4247*v + 93433. What is c(22)?
-1
Let f(i) = -518*i + 11928. What is f(23)?
14
Let b(k) = 73*k - 3512. Calculate b(49).
65
Let q(k) = -5*k**2 - 18*k + 137. Give q(-8).
-39
Let j(b) = -19*b + 291. Determine j(4).
215
Let h(g) = g**2 + 90*g + 1808. Calculate h(-44).
-216
Let n(g) = 7*g**3 - 8*g**2 + 3*g + 3. Give n(1).
5
Let p(t) = 35*t**2 - 53*t - 6. Give p(3).
150
Let q(y) = -2*y**2 - 152*y + 1158. What is q(7)?
-4
Let x(a) = a**2 + 235*a - 4013. What is x(-251)?
3
Let q(p) = -p**2 - 72*p + 3955. Determine q(33).
490
Let y(r) = -2*r**3 + 34*r**2 + 43*r - 29. Calculate y(18).
97
Let v(x) = 6*x**2 - 19*x - 486. What is v(11)?
31
Let u(y) = -428*y - 4693. Calculate u(-11).
15
Let f(p) = -2*p**2 - 40*p + 2107. Determine f(-44).
-5
Let i(k) = 76*k**2 + 984*k + 38. What is i(-13)?
90
Let a(x) = -2*x**3 - 28*x**2 + 67*x + 74. Determine a(-14).
-864
Let f(s) = -78*s - 449. Determine f(-5).
-59
Let h(p) = 14*p**2 - 207*p - 16. Determine h(15).
29
Let p(m) = 6356*m - 6347. What is p(1)?
9
Let c(u) = 48*u + 312. Calculate c(0).
312
Let z(k) = -k**2 - 13*k + 422. What is z(15)?
2
Let u(m) = 4*m**2 - 116*m - 91. Calculate u(30).
29
Let b(v) = v**3 - 13*v**2 - 8*v + 24. Give b(13).
-80
Let a(h) = -485*h + 56257. What is a(116)?
-3
Let t(d) = d**3 - 6*d**2 + 18*d - 73. Calculate t(6).
35
Let n(s) = -84*s + 3263. Determine n(38).
71
Let u(p) = -11*p + 362. What is u(34)?
-12
Let s(v) = 3*v**2 + 1637*v + 1637. Calculate s(-1).
3
Let d(o) = -85*o - 41. Determine d(0).
-41
Let u(m) = m**3 + 24*m**2 + 110. Determine u(-23).
639
Let f(o) = o**3 + 29*o**2 - 148*o - 65. What is f(5)?
45
Let m(t) = -48*t**2 - 118*t - 10. Determine m(-3).
-88
Let h(c) = c**3 + 13*c**2 - 53*c + 261. Calculate h(-17).
6
Let m(r) = -30*r**3 + r**2 + r - 1. Determine m(1).
-29
Let b(i) = 762*i - 761. Determine b(1).
1
Let v(b) = b**2 + 1480*b + 227255. Calculate v(-174).
11
Let p(c) = -10*c**2 - 4*c - 29. Give p(-5).
-259
Let u(o) = -102*o - 302. Give u(-3).
4
Let s(a) = a**3 - 3*a**2 - 61*a + 58. Calculate s(9).
-5
Let g(q) = -q**3 - 6*q**2 + 8*q - 89. Calculate g(-8).
-25
Let p(c) = c**3 + 56*c**2 + 16*c + 889. Give p(-56).
-7
Let b(j) = -35*j + 879. Calculate b(25).
4
Let i(q) = 18*q + 752. Calculate i(-41).
14
Let l(z) = -8*z**2 - 9*z - 4. Calculate l(-2).
-18
Let o(m) = -4*m**2 - 276*m + 41. Calculate o(-69).
41
Let c(h) = 68*h + 1908. Give c(-28).
4
Let d(m) = 72*m - 3356. Calculate d(47).
28
Let g(p) = 18*p + 382. Determine g(-21).
4
Let d(k) = 406*k + 15420. What is d(-38)?
-8
Let k(g) = 2*g**3 + 74*g**2 + 74*g + 79. Give k(-36).
7
Let r(z) = -2503*z - 35034. Calculate r(-14).
8
Let q(w) = -w**3 - 157*w**2 - 207*w - 8019. Determine q(-156).
-63
Let y(w) = -w**2 - 41*w - 374. Calculate y(-31).
-64
Let p(f) = 17*f**3 - 6*f + 6. What is p(2)?
130
Let r(s) = -s**2 - 1061*s - 6393. Determine r(-6).
-63
Let b(d) = 37*d + 2032. Calculate b(-55).
-3
Let u(x) = -148*x - 919. Determine u(-6).
-31
Let f(q) = 82*q - 601. Calculate f(4).
-273
Let d(t) = 3*t + 202. What is d(-32)?
106
Let q(p) = -43*p + 435. Give q(13).
-124
Let v(f) = 3*f**3 + 4*f**2 - 25*f + 11. What is v(-4)?
-17
Let l(k) = -k**3 + 15*k**2 - 20*k - 1. Determine l(13).
77
Let z(s) = -700*s + 9101. Give z(13).
1
Let u(z) = -34*z + 2575. Give u(76).
-9
Let n(y) = -y**3 - 22*y**2 - 30*y - 5. What is n(-9)?
-788
Let a(i) = -50*i**2 - 422*i - 179. Calculate a(-8).
-3
Let g(q) = 13*q + 316. What is g(-21)?
43
Let c(n) = 39*n + 815. Give c(-22).
-43
Let g(y) = -y**3 + 166*y**2 + 77*y - 12845. Give g(166).
-63
Let s(y) = -4*y**3 + 245*y**2 + 697*y + 445. Give s(64).
-3
Let q(n) = 93*n - 287. What is q(11)?
736
Let q(a) = -85*a**2 + 1183*a - 1184. What is q(1)?
-86
Let c(r) = -21*r - 219. Determine c(-8).
-51
Let s(u) = 94*u - 2211. What is s(17)?
-613
Let z(h) = 61*h - 976. Give z(17).
61
Let l(n) = -4*n**3 - 196*n**2 - 186*n + 288. Calculate l(-48).
0
Let n(g) = 88*g - 1024. Calculate n(13).
120
Let j(h) = 3*h**2 - 522*h + 6701. What is j(160)?
-19
Let q(t) = -t**3 + 299*t**2 + 302*t - 596. Calculate q(300).
4
Let g(l) = -l**3 + 21*l**2 + 10*l + 211. Calculate g(22).
-53
Let y(b) = -169*b - 840. What is y(-5)?
5
Let f(x) = -x**3 - 19*x**2 - 46*x - 131. Determine f(-17).
73
Let a(y) = -1829*y**2 - 16457*y - 5. Give a(-9).
-41
Let y(w) = -23*w**3 + 116*w**2 - 63*w + 269. What is y(5)?
-21
Let l(c) = 3*c**3 + 4*c**2 - 15*c - 58. Calculate l(-4).
-126
Let x(k) = 912*k - 9096. What is x(10)?
24
Let d(k) = -k**2 - 48*k + 799. Give d(13).
6
Let m(k) = 6*k**2 + 28*k + 344. What is m(-13)?
994
Let g(p) = -3*p**2 + p + 150. Calculate g(8).
-34
Let v(d) = -d**3 + 10*d**2 + 4*d - 82. Determine v(10).
-42
Let o(a) = -10*a**2 - 55*a + 18. Calculate o(-5).
43
Let d(a) = 6*a**2 - 8*a - 80. Calculate d(6).
88
Let i(c) = c**2 - 52*c - 2011. Give i(-26).
17
Let l(s) = 97*s - 1559. Give l(16).
-7
Let h(s) = -s**2 + s + 272. Give h(21).
-148
Let j(p) = 207*p - 12000. Give j(58).
6
Let x(a) = 3*a**2 - 62*a - 81. Give x(22).
7
Let h(p) = p**3 - 11*p**2 + 3*p - 34. Determine h(10).
-104
Let p(x) = -x**3 + 55*x**2 + 105*x + 466. Determine p(57).
-47
Let g(j) = j**2 - 313*j - 5270. Give g(-16).
-6
Let g(w) = 174*w - 518. Calculate g(3).
4
Let l(y) = -18*y**2 + 13*y + 147. What is l(-4)?
-193
Let v(j) = -4*j**2 + 6*j + 13. Calculate v(-4).
-75
Let g(c) = -3459*c - 20754. Calculate g(-6).
0
Let l(f) = -4*f**2 - 18*f + 135. Calculate l(6).
-117
Let m(p) = -3*p**2 + 138*p - 1579. Determine m(22).
5
Let g(d) = -279*d + 2380. Determine g(9).
-131
Let t(p) = p**3 - 8*p**2 + 21*p - 62. Determine t(6).
-8
Let u(f) = 13*f**2 + 401*f - 60. Determine u(-30).
-390
Let a(v) = -13*v**3 - 3*v**2 - 11*v - 11. Calculate a(-1).
10
Let p(k) = -69*k**2 + 402*k + 4. Give p(6).
-68
Let f(s) = 71*s + 863. Calculate f(-12).
11
Let h(u) = -61*u + 342. Give h(4).
98
Let v(s) = 137830*s - 275656. Give v(2).
4
Let o(z) = -z**3 - 38*z**2 + 539*z + 39. Determine o(-49).
39
Let y(v) = -v**2 + 8*v + 49. Give y(-10).
-131
Let g(c) = -214*c + 2784. Calculate g(13).
2
Let r(s) = -4*s**2 - 4*s - 11. Give r(8).
-299
Let d(t) = -t**2 + 13*t + 26. Determine d(9).
62
Let f(t) = -2*t - 101. Give f(-17).
-67
Let r(t) = 10*t + 686. What is r(-67)?
16
Let a(i) = -64*i**2 + 450*i - 16. Give a(7).
-2
Let s(w) = -2*w**3 + 